
Let g be (-112)/20 + 2/(-5). Let i be -4*((-21)/g + -4). Let t(k) = -2*k**2. Calculate t(i).
-8
Let v(d) = 3*d**2 + 8*d - 2. Let g(z) = 4*z**2 + 9*z - 2. Suppose -8 = 4*u - 2*u. Let t(j) = u*g(j) + 5*v(j). Let n = -6 - -10. Calculate t(n).
-2
Let h(y) = -5*y**2 - 2*y - 1. Let w be 14/(-18) + 4/(-18). Determine h(w).
-4
Let j = 10 + -1. Let q(z) = z - 7. Let m be q(j). Let t(k) = 3 - 5*k + 2 - 3. Determine t(m).
-8
Suppose -2*q - 5 = -3*d, 2*q + 0*d + 2 = 2*d. Let s(f) = 0*f - q*f + 1 + 6*f - 3*f. Give s(-3).
-2
Let i(f) = f**3 + 3. Let k be i(0). Suppose -j + 3*c - 12 = 0, -j - k*c + 28 = 2*c. Suppose -j*d = -6*d + 3. Let n(o) = 6*o**2 - o. What is n(d)?
5
Suppose 0*a + 3*a = 3. Let f(b) = 2*b**2 - 2*b**2 + 3*b**2 + 1 + b**2. Give f(a).
5
Let d be ((-30)/8*8/3)/2. Let v(m) = -m**2 - 7*m - 7. Calculate v(d).
3
Let z(j) = -j**2 + 9*j - 3. Let q = 21 - 12. Let s be z(q). Let l(t) be the first derivative of -t**2/2 - 4*t - 12. Calculate l(s).
-1
Let d(m) = -5*m + 3 + 12*m - 4. Suppose -4*q = -3*n - 0 - 5, -2*n + 4*q - 6 = 0. Give d(n).
6
Suppose 2*c + 8 = 0, -c + 8 = 2*d + 2. Let t be (7 - 3)*(2 + 0). Let n(b) = -t + 9 - 8 + b. What is n(d)?
-2
Suppose 3*l + 3 = 4*l. Suppose -b + 16 = l*b. Let z(k) = 4*k - 5. Give z(b).
11
Let f(l) = l - 2. Let b(a) = -2*a + 5. Let g(d) = -6*b(d) - 11*f(d). Let z = 17 - 5. Let j be (3/6)/(1/z). Determine g(j).
-2
Let j(h) be the third derivative of -h**6/120 + h**5/15 + 5*h**4/24 - 5*h**3/6 + 11*h**2. What is j(5)?
-5
Let i(z) = z + 7. Suppose 4*t + 4 = 4*d, 4*d - 5*t - 2 - 6 = 0. Determine i(d).
4
Suppose -s = 2*g - 5, -3*g = -6*s + 2*s - 24. Let h(i) = 0 + 4*i + i**2 - 2 + 1. Determine h(s).
-4
Let z(y) = -3*y + 2. Let s(c) = c. Let g(m) = -4*s(m) - z(m). Suppose -2*j = -4*v - v - 46, -2*v + j - 19 = 0. Let h be (8/(-32))/(1/v). Determine g(h).
-4
Let c(x) = -x**2 + 2*x - 2. Let p be (-2)/2*(-1 - -2). Let r = p + 0. Let b be 3 + r + 0/(-3). Determine c(b).
-2
Let h = 12 - 14. Let t(s) = -3*s**2 + 2*s. Give t(h).
-16
Let x(t) = 143 - 66 - 69 - 2*t. Give x(4).
0
Suppose 3*j = 5*j + 10. Let z(r) = -2*r + 3*r**3 - 8*r + 6 + 2*r + 9*r**2. Let g(y) = -4*y**3 - 10*y**2 + 9*y - 7. Let s(l) = j*z(l) - 4*g(l). Determine s(2).
-6
Let m(b) = 0 - 2*b + 4 + 0 - 6. Let p = -21 + 15. Let n be (-2)/(0 - 4/p). Determine m(n).
4
Let d(i) = -3*i**3 + 1. Let o(x) = 0*x - 5 + 2*x - x. Let s be o(8). Let c = -2 + s. What is d(c)?
-2
Let p(h) = -h - 7. Let s be p(-10). Let o(k) = 2*k**2 - k + 3. Let g(v) = -3*v**2 - 4. Let q(d) = s*g(d) + 4*o(d). Calculate q(-2).
4
Let c(q) be the first derivative of -q**6/120 + q**5/20 + q**4/6 - 2*q**3/3 + 2*q**2 - 6. Let f(n) be the second derivative of c(n). What is f(4)?
-4
Let g(t) = t + 1. Let o(c) be the third derivative of c**5/60 + c**4/4 - 4*c**3/3 - 2*c**2. Let w be -9 - (-6)/(3 - 0). Let k be o(w). Determine g(k).
0
Let t = -13 + 8. Let l(s) = -s**3 - 6*s**2 - 5*s - 1. Determine l(t).
-1
Let g(a) = -a + 0*a - 2*a + 2*a. Let h(r) = r + 1. Let j(q) = 2*g(q) + 6*h(q). Let o = 13 - 17. Calculate j(o).
-10
Let i(g) be the third derivative of -g**5/12 - g**4/24 + g**2. Let r(y) = -11*y**2 - 2*y. Let w(p) = 9*i(p) - 4*r(p). Let u = 6 + -8. Determine w(u).
-2
Let z(r) be the third derivative of -r**6/720 + r**5/24 - r**4/8 - 3*r**2. Let u(x) be the second derivative of z(x). Determine u(6).
-1
Let v be -1*(-2)/(-4)*8. Let t(m) = -m**2 - 3*m + 1. What is t(v)?
-3
Let t(v) = v + 9*v**3 + 0*v**2 + v**2 + 1 - 2*v. Calculate t(1).
10
Let y(c) = -3*c**2 - 18*c - 8. Let p(x) = -2*x**2 - 12*x - 5. Let b(g) = -7*p(g) + 5*y(g). Suppose 0 = 4*j + 1 + 23. Calculate b(j).
-5
Let d(j) = -3 - 18*j**3 + 7*j**2 + 17*j**3 - 7*j + 0*j. Give d(6).
-9
Suppose y = -3*a + 10, 4*a + 2*y = y + 12. Let j(d) = -3*d - 1. Let m be j(-1). Let p(n) = -6*n**m - a*n**3 - n**3 - 4*n + 2*n**3 + 6. What is p(-5)?
1
Suppose -7 = 3*h + 5. Let y be h/18 - 114/(-27). Let z(t) = 3*t - 4. Give z(y).
8
Let z(d) = d + 3. Let b(s) = 2. Let a(t) = -3*b(t) + 2*z(t). What is a(-6)?
-12
Let n(o) = -o**3 - 4*o**2 + 6*o - 5. Suppose -4*f = 2*q - 12, 4*q - 7*q + 6 = 3*f. Let g be 1/1*(-3 + q). Determine n(g).
-10
Let b(s) = s**2 + 7*s + 6. Suppose -2*f = 10 - 0. Let n be b(f). Let p(l) = -7 + 2 - l**3 + 2 + 3*l - 3*l**2. Determine p(n).
1
Let u(v) be the second derivative of 7*v**4/12 - v**3/6 + v**2/2 - 21*v. What is u(1)?
7
Let u(j) = -6*j - 3 - j**2 + 2*j**2 + 6. Let h be u(4). Let x(m) be the first derivative of -m**2/2 - 6*m + 1. What is x(h)?
-1
Let d(n) = 0*n**2 + 9 - 9 + n**2 + 7*n. Determine d(-6).
-6
Let h(j) = -j**2 - 6*j - 2. Suppose 5*b + 5*q - 2*q = 60, 0 = -4*b - 4*q + 40. Suppose b = -5*m - l, 3 + 3 = -2*m + 2*l. Determine h(m).
7
Let i(m) = m + 8. Let y be i(-6). Suppose 0*c = y*c. Let u = 0 - c. Let q(w) = -w - 2. Determine q(u).
-2
Let q = 11 + -8. Let p(x) = -5 - 2*x - q + 6. Give p(-3).
4
Suppose 2*h = 3*h - 2. Let m(b) be the first derivative of 3*b**2/2 + 4*b - 1. Let u(r) = 3*r + 3. Let t(o) = -5*m(o) + 6*u(o). Give t(h).
4
Let r = -12 + 15. Let s(x) = x**2 - 6*x + 3. Determine s(r).
-6
Let h(n) = n**2 - 3*n + 7. Let k be h(6). Suppose -2*g = 3*g - k. Suppose 3*b + 2*f + 6 = -1, -20 = 5*b - g*f. Let s(d) = -2*d**2 - 3*d + 3. Give s(b).
-6
Let a(r) = 3 - 2 - 3 - r. Let h be a(-2). Let m(z) be the third derivative of z**6/120 - z**5/60 - z**4/24 + z**3/6 - 7*z**2. Determine m(h).
1
Suppose 56 - 6 = 5*u. Suppose -u = -2*k + 7*k. Let z(w) = w**3 + 2*w**2 + 2*w + 2. Give z(k).
-2
Let q(f) = -f**2 - 1. Suppose -w + 6*w = 0. Determine q(w).
-1
Let r(d) = 5 - 4*d + 4*d - d. Let o = 2 - 2. Suppose -4*g - 5*k + 12 = o, -2 + 8 = 2*g - k. Calculate r(g).
2
Let s(f) = -5*f - 1. Let d be (0 - 1)*3/(-3). Give s(d).
-6
Let k = -11 - -12. Let y(n) = -21*n + k - 1 + 15*n. Suppose a + 2 = -a. Calculate y(a).
6
Let r be (-6)/(-9) - 2/(-6). Let t(j) = -2*j**2 + r + j**2 - j**2. Suppose o = 2*o + 4*w + 11, 17 = 2*o - 5*w. Determine t(o).
-1
Let s = -25 + 20. Let w(a) = a**3 + 5*a**2 + 3*a + 4. Calculate w(s).
-11
Let i(a) = -2*a - 4*a**2 - a**3 - 2 - 2*a**2 + 6. Determine i(-6).
16
Let x(o) be the third derivative of -o**5/12 + o**4/24 + o**3/6 + 3*o**2. Determine x(-1).
-5
Let l be (-6)/(-3) - 2 - -2. Suppose -l*x + x - 2 = 0. Let w be ((-2)/1)/((-1)/x). Let v(m) = -m**3 - 4*m**2 + 2*m + 4. Calculate v(w).
-4
Let k(t) be the third derivative of t**5/60 + t**4/6 - 5*t**3/6 + 15*t**2. Give k(-6).
7
Let s(g) = 5*g**3 + 2*g**2 + 10*g + 1. Let c(d) = 6*d**3 + d**2 + 11*d. Let a(p) = -4*c(p) + 5*s(p). Calculate a(-5).
0
Let h(i) = i**2 + 3*i - 2. Let p(r) = r**3 - 3*r**2 - 8*r - 8. Let o be p(5). What is h(o)?
8
Let z(r) = r**3 + 5*r**2 - 7*r - 6. Suppose -2*f - 12 + 0 = 0. Determine z(f).
0
Let u(a) = -3*a - 2. Let n(b) be the second derivative of -b**3/6 - b**2/2 + 3*b. Let m(g) = -2*n(g) + u(g). Calculate m(0).
0
Let u = -5 - -5. Let a(i) = -i - 5. Let t be a(u). Let m(w) = -w**2 - 5*w - 4. Determine m(t).
-4
Suppose -z + 4*z - 27 = -3*r, 0 = -z + 2*r. Let d(l) = 7*l - 6*l**2 + 0 + 2 - z*l + 2*l**2. Determine d(2).
-12
Let c(w) = -w**3 - 4*w**2 + 5*w - 2. Let n(i) = -i**3 + 7*i**2 - 5*i - 3. Let x be n(6). Let s be x*(-3)/(27/15). Give c(s).
-2
Let w(a) be the first derivative of a**6/120 - a**5/12 + a**4/24 - 7*a**3/6 - a**2 + 10. Let j(i) be the second derivative of w(i). Calculate j(5).
-2
Let n(o) = -5*o**2. Let t be (-1 - (-6)/3)/(-1). Determine n(t).
-5
Let u(t) be the third derivative of t**5/60 - 5*t**4/24 + 2*t**3/3 + 3*t**2. Calculate u(5).
4
Let f(s) = -5*s + 5. Let y(v) = v - 1. Let q(h) = f(h) + 6*y(h). Suppose -k = 3*r + 3, -2 = -3*r - 3*k + 1. Give q(r).
-3
Suppose -c - c - 16 = 0. Let q = c + 10. Let m(g) = 1 + g - g - q*g - g. What is m(2)?
-5
Let z(d) be the first derivative of -d**3/3 - 9*d - 5. What is z(0)?
-9
Let b(a) be the first derivative of a**4/4 + 4*a**3/3 - 3*a**2 - a - 4. Determine b(-5).
4
Suppose -7 = -3*p - 3*z + 5, 4*p = -2*z + 20. Let c(h) = -2*h + 6. What is c(p)?
-6
Let i(r) = 4 - 7*r + 4*r + 4*r - 8. Determine i(3).
-1
Let h(x) = -13*x + 1. Let g be 1 + (-2 - 2) + 10. Suppose -2*c - 3*u = 8, 0*c + 5*u + g = 3*c. What is h(c)?
14
Suppose 4 + 6 = 5*z. Let s(d) = 0 - z*d + 7 - 4*d + 7*d. What is s(-5)?
2
Let f(v) = -v**3 - 5*v**2 + 5*v - 7. Suppose 8 = -3*z - 10. What is f(z)?
-1
Let d(w) be the first deriva